uppose 4*o + r = -74, -4*r - 49 = 4*o + 31. Let x be (-2130)/(-135) - 4/o. What is the greatest common factor of x and 16?
16
Let v = 7 - 1. Let t = 8 - v. Suppose 4*p - 5*n = 2*p + 47, 0 = -t*p - 2*n + 12. What is the greatest common divisor of 1 and p?
1
Let m = -1586 + 1596. Calculate the highest common divisor of 755 and m.
5
Let h(u) = -7*u - 28. Let i(r) = -8*r - 29. Let f(v) = -7*h(v) + 6*i(v). Let z be f(-11). Calculate the highest common divisor of z and 1.
1
Let m = 323 + -310. Calculate the highest common divisor of 2 and m.
1
Suppose 0 = 6*a - 1569 - 1599. Let j be (-2)/3 - a/(-36). What is the highest common divisor of j and 42?
14
Suppose -355*z = -344*z - 308. What is the highest common factor of z and 700?
28
Let y(g) = 30*g - 408. Let u be y(16). What is the greatest common divisor of 99 and u?
9
Suppose h - 1310 = -5*b, 25 = 2*h + 3*h. What is the greatest common factor of b and 63?
9
Let c(r) = -r**3 + 17*r**2 - 7*r + 10. Let t be c(7). What is the highest common factor of t and 11?
11
Let z(p) = -p**2 + 58. Let h be z(7). What is the greatest common factor of h and 8?
1
Suppose 5 = 24*y - 23*y. Suppose 0 = -2*a + y*f - 12, 0*a = -a + f. Calculate the greatest common factor of a and 8.
4
Let u(i) = 65*i - 58. Let t be u(10). Calculate the greatest common factor of 74 and t.
74
Suppose 0 = -26*j + 11*j - 465. Let s = 41 + j. Calculate the greatest common divisor of 90 and s.
10
Suppose -61*a - 35 + 5159 = 0. What is the highest common factor of a and 348?
12
Let n = -1822 + 2553. What is the highest common divisor of n and 43?
43
Let i be (-4 - -1)/(-18) - 3993/(-18). Calculate the highest common factor of 592 and i.
74
Let k be 42 - 6*2/(-4). Suppose 4*v + 136 = 376. What is the highest common divisor of v and k?
15
Suppose 222 = 5*t - 2*s, 15*s - 215 = -5*t + 10*s. Calculate the highest common factor of t and 121.
11
Let q(y) = 4*y**2 - 6*y. Let v be q(-5). Let m be ((-63)/6 + 4)*-8. Calculate the highest common factor of m and v.
26
Suppose 47 - 434 = -9*f. What is the highest common factor of f and 1?
1
Let q(c) = -2*c**3 + 14*c**2 + 7*c - 9. Let p be q(6). What is the greatest common factor of p and 189?
21
Suppose 3*s = -5*g + 71 + 30, 5*g + 123 = 4*s. Calculate the greatest common factor of 992 and s.
32
Let c(j) be the third derivative of -5*j**4/6 - 2*j**3/3 - j**2. Let h be c(-2). Suppose 7*a = 4*a + h. What is the greatest common factor of 3 and a?
3
Let z = 106 - 90. Let c(v) = -v**2 + 20*v - 36. Let b be c(z). Calculate the highest common divisor of b and 98.
14
Suppose -2*f = -3*w - 0*f + 122, 0 = 2*f - 4. Calculate the greatest common factor of 6 and w.
6
Suppose 3*r = -3*a + 141, -259 = -5*r + a + 2*a. Suppose -r = -6*b + b. Calculate the highest common factor of 100 and b.
10
Suppose 16 = -p + 36. Let t(n) = 2*n**2 - 7*n + 10. Let q be t(10). Calculate the greatest common divisor of p and q.
20
Let d = -11195 - -11199. Let a be (-4)/(-18) + (-176)/(-18). What is the highest common divisor of a and d?
2
Suppose -3*w - 52*y = -54*y - 20, 3*w - 32 = -4*y. Calculate the highest common factor of w and 104.
8
Suppose 3*m + 2 = 5*m. Suppose -o + 7 + m = 0. Calculate the highest common divisor of o and 40.
8
Let x(t) be the second derivative of 7*t**5/20 - t**4/6 - t**3/3 + t**2/2 - 6*t. Let i be x(2). What is the greatest common divisor of 5 and i?
5
Suppose 5*t = 2555 - 1015. Calculate the greatest common factor of 56 and t.
28
Suppose -16 = -5*q + 4*q. Suppose -17*o = -20*o + 9. Suppose -o*d + 20 + 4 = 0. What is the highest common factor of d and q?
8
Let h(r) = -r - 8. Let g(n) = -n**2 + 4*n + 24. Let y(b) = -2*g(b) - 7*h(b). Let x be y(4). Calculate the highest common divisor of x and 27.
9
Suppose 7*b - 5*b - 6 = 0. Suppose 6 = b*n - 24. What is the highest common divisor of 80 and n?
10
Suppose 3*s = -t - 0*t + 5, 11 = 3*t + 5*s. Suppose -4*l + 19 = -69. What is the highest common divisor of l and t?
2
Suppose -2*g + 3*k = -82, -2*k - 228 = -5*g - 6*k. Let w = 1488 - 1484. What is the highest common divisor of g and w?
4
Let a = 260 + -148. Suppose 5 = -2*q - 2*c + 41, 78 = 5*q - c. What is the highest common divisor of a and q?
16
Let o(m) = 206*m**2 - 1. Let g be o(-1). Calculate the greatest common factor of 10 and g.
5
Let c be (-96)/56*7/(-2). Let l be 27/5 + c/(-15). Suppose 5*n + 2*r = 7*r + 140, l*n - r = 140. What is the highest common factor of 252 and n?
28
Suppose 5*v - 285 - 175 = 0. Calculate the highest common divisor of v and 506.
46
Suppose t = 3*p - 12, -8 = -p - t - 0*t. Suppose o + 4 = 0, 4*z - p*o = -z + 475. Calculate the greatest common factor of z and 26.
13
Let v be ((-160)/(-2))/(-2 + 3). Suppose -980 = -7*h - 7*h. Suppose -9*p = -2*p - h. Calculate the greatest common factor of v and p.
10
Let l(j) = -j**3 - 26*j**2 + 88*j + 36. Let b be l(-29). Calculate the highest common factor of b and 161.
7
Suppose -4*n = 5*j - 6, 0 = 3*j - 4*j - 5*n - 3. Let a be (33 + 3)/(j/3). Calculate the highest common factor of a and 135.
27
Let a = -24 + 150. Let c = -487 + 505. Calculate the highest common divisor of c and a.
18
Suppose 108 = -5*p + 408. Suppose o + p = 3*o. Let z be 2/(-4) - (-555)/o. What is the highest common factor of z and 6?
6
Suppose 2*w - 1340 = -2*w + 5*g, -w = 5*g - 335. What is the greatest common divisor of w and 10?
5
Suppose c + c - 20 = -2*s, -5*c + 37 = 4*s. Let y = 19 - s. What is the highest common divisor of y and 72?
6
Suppose 9 = 3*j, 2*x - 2*j - 160 = 28. Let t = x - 62. What is the greatest common factor of 7 and t?
7
Suppose -10*r = -73 + 3. Let a(s) = s**3 - s**2 - s. Let o be a(0). Suppose o = -0*f + f - r. Calculate the greatest common factor of 14 and f.
7
Suppose 3*p - 3*n - 6 = 0, p - 5*p + 8 = 4*n. What is the greatest common divisor of 10 and p?
2
Suppose -13*i - 2*i + 210 = 0. Calculate the greatest common divisor of i and 119.
7
Let q = -91 + 147. Calculate the highest common divisor of 70 and q.
14
Let q(v) = v**3 + 58*v**2 + 54*v - 135. Let h be q(-57). What is the greatest common factor of h and 204?
12
Let i = -1 - 0. Let r be 96/(-4 + 8) + i. What is the highest common factor of 207 and r?
23
Let d be (-2)/(-3)*(-23562)/(-44). What is the highest common divisor of d and 17?
17
Suppose -98*d = -92*d - 3762. Calculate the highest common factor of d and 114.
57
Let p(x) = -x**3 - 26*x**2 - 2*x + 23. Let q be p(-26). Suppose 0 = -l - s + 12, 3*s - 6*s = -l + 24. Calculate the highest common divisor of q and l.
15
Let g(r) = r + 3. Suppose 0 = -5*p - 3*y + 43, -51 - 20 = -5*p + 4*y. Let d be g(p). Calculate the greatest common divisor of d and 35.
7
Suppose 3*d + h - 7 = 0, 2*h = 5*d - 2*d - 22. Suppose 0 = i - 3*i + d, 2*z + 4*i - 96 = 0. Calculate the highest common divisor of z and 11.
11
Let m be 42/2*(-3 - 14/(-6)). Let o(q) = -q - 10. Let a be o(m). What is the greatest common factor of 6 and a?
2
Let u(g) = -6*g + 5. Let x be u(5). Let f be ((-33)/(-7) - (-42)/147) + 27. Let n = x + f. Calculate the highest common divisor of n and 63.
7
Let c(r) = 3*r**2 - 22*r + 2. Let x be c(9). Let h = 63 - x. Calculate the greatest common divisor of 144 and h.
16
Suppose -2*i + 13 - 1 = 0. Let t = -70 + 136. Suppose 3*h - i = t. What is the highest common divisor of h and 16?
8
Let m be -2 - (3 - 2)*-29. Suppose -u = b + 5, -2*b - 29 = 3*b + u. Let f(r) = -19*r - 6. Let t be f(b). What is the highest common divisor of m and t?
27
Let t(w) = 3*w**2 + 2*w - 7. Let y be t(-3). Suppose 0 = -5*f - 3*o + y, 4*f - 5*f = 5*o + 6. What is the highest common factor of f and 1?
1
Suppose 0 = k - 158 - 34. Calculate the greatest common divisor of k and 448.
64
Let q = 51 + 8. Suppose y + 17 + q = 5*h, h - 3*y = 4. Calculate the highest common divisor of 32 and h.
16
Let l(d) = d**3 + 28*d**2 + 27*d + 6. Let v be l(-27). What is the greatest common divisor of 42 and v?
6
Let z = 1331 - 1308. Suppose -2*f + 92 = 2*f. What is the greatest common factor of z and f?
23
Let w = -187 + 250. What is the highest common divisor of 18 and w?
9
Let h = -258 + 467. Let f(z) = 2*z**3 + z**2 + z. Let y be f(-1). Let a be y*(-19)/4*2. Calculate the greatest common divisor of a and h.
19
Let k(t) = 10*t + 5. Let c = 67 - 63. Let m be k(c). Calculate the greatest common divisor of 